{"id":333,"date":"2017-04-10T12:47:32","date_gmt":"2017-04-10T10:47:32","guid":{"rendered":"http:\/\/www.sagknorren.se\/?page_id=104"},"modified":"2017-04-10T12:47:32","modified_gmt":"2017-04-10T10:47:32","slug":"pensionat","status":"publish","type":"page","link":"https:\/\/skavboke.hemsida.eu\/stallet\/?page_id=333&lang=sv","title":{"rendered":"Pensionat"},"content":{"rendered":"<p><img decoding=\"async\" class=\"alignleft\" src=\"http:\/\/www.sagknorren.se\/wp-content\/uploads\/2017\/11\/Pensionat_3.jpg\" width=\"300\">Pensionatet, \u201cv\u00e5rt egna lilla tr\u00e4slott\u201d, som vi sj\u00e4lva byggt upp fr\u00e5n grunden med mycket eget s\u00e5gat virke. Redan fr\u00e5n b\u00f6rjan hade vi milj\u00f6t\u00e4nkandet med oss d\u00e4r vi bland annat v\u00e4rmer hela pensionatet med flis fr\u00e5n v\u00e5rt egna s\u00e5gverk. Huset \u00e4r byggt helt i tr\u00e4, vilket ger ett genuint intryck och en rofylld atmosf\u00e4r d\u00e4r du har l\u00e4tt att koppla av. Utanf\u00f6r finns det stora lugnet med sj\u00f6n runt knuten och skogen som granne. H\u00e4r kan du h\u00f6ra grodorna kv\u00e4ka i dammen, ugglorna hoa om natten, f\u00e5glarna kvittra, vinden som susar och med lite tur se vilda djur beta i hagarna. Husdjur \u00e4r v\u00e4lkomna, utom i rummen \u201dR\u00f6d Gris\u201d och &#8221;Gr\u00f6n Gris&#8221;.<\/p>\n<p>P\u00e5 Pensionatets \u00f6verv\u00e5ning hittar du 5 st. dubbelrum, alla inredda efter ett eget f\u00e4rgtema. Varje rum har egen dusch och toalett f\u00f6rutom ett rum d\u00e4r du har egen dusch och toalett i korridoren. H\u00e4r finns ocks\u00e5 ett stort samlingsrum med gemensam TV, b\u00f6cker och spel.<\/p>\n<p><strong>R\u00f6d Gris<\/strong><img decoding=\"async\" class=\"alignright\" src=\"http:\/\/www.sagknorren.se\/wp-content\/uploads\/2017\/04\/Rum_11.jpg\" width=\"300\"><\/p>\n<p>Rummets f\u00e4rgtema \u00e4r r\u00f6tt, som i k\u00e4rlekens f\u00e4rg, och det \u00e4r v\u00e5rt finaste rum, &#8221;Br\u00f6llopssviten&#8221;, som vi kallar det. L\u00e4mpligt f\u00f6r dig som vill ha det extra mysigt ihop med din partner. I badrummet har du tillg\u00e5ng till jacuzzi (bubbelbad) f\u00f6r extra romantiska kv\u00e4llar med champagne och levande ljus. Rummet har utsikt mot den lilla sj\u00f6n och skogs\u00e4ngen utanf\u00f6r pensionatet.<\/p>\n<p>&nbsp;<\/p>\n<p><img decoding=\"async\" class=\"alignleft\" src=\"http:\/\/www.sagknorren.se\/wp-content\/uploads\/2017\/10\/DSC_0547.jpg\" width=\"300\"><\/p>\n<p><img decoding=\"async\" class=\"alignright\" src=\"http:\/\/www.sagknorren.se\/wp-content\/uploads\/2017\/04\/Bubbelbad.jpg\" width=\"300\"><\/p>\n<p>&nbsp;<\/p>\n<p>&nbsp;<\/p>\n<p>&nbsp;<\/p>\n<p>&nbsp;<\/p>\n<p>&nbsp;<\/p>\n<p><strong>Gul Gris<\/strong><img decoding=\"async\" class=\"alignright\" src=\"http:\/\/www.sagknorren.se\/wp-content\/uploads\/2017\/10\/DSC_0536.jpg\" alt=\"\" width=\"300\"><\/p>\n<p>Rummets f\u00e4rgtema \u00e4r gult. H\u00e4r finns tv\u00e5 enkels\u00e4ngar, byr\u00e5 och sitt m\u00f6bler. Rummet \u00e4r ljust med utsikt \u00f6ver \u00e5ker och \u00e4ng. Egen dusch och toalett p\u00e5 rummet.<\/p>\n<p><img decoding=\"async\" class=\"alignleft\" src=\"http:\/\/www.sagknorren.se\/wp-content\/uploads\/2017\/10\/DSC_0538-e1506006598225.jpg\" width=\"200\"><\/p>\n<p>&nbsp;<\/p>\n<p>&nbsp;<\/p>\n<p><img decoding=\"async\" class=\"alignright\" src=\"http:\/\/www.sagknorren.se\/wp-content\/uploads\/2017\/10\/DSC_0537.jpg\" width=\"300\"><\/p>\n<p>&nbsp;<\/p>\n<p>&nbsp;<\/p>\n<p>&nbsp;<\/p>\n<p>&nbsp;<\/p>\n<p>&nbsp;<\/p>\n<p><strong>Gr\u00f6n Gris<\/strong><img decoding=\"async\" class=\"alignright\" src=\"http:\/\/www.sagknorren.se\/wp-content\/uploads\/2017\/10\/DSC_0532.jpg\" width=\"300\"><\/p>\n<p>Rummets f\u00e4rgtema \u00e4r gr\u00f6nt. V\u00e5rt familjerum har&nbsp;en dubbels\u00e4ng, byr\u00e5 och en soffa som man kan b\u00e4dda i. Rummet har ett f\u00f6nster med utsikt \u00f6ver v\u00e5r vackra spegel sj\u00f6. Egen stor dusch och toalett p\u00e5 rummet.<\/p>\n<p><img loading=\"lazy\" decoding=\"async\" class=\"alignleft\" src=\"http:\/\/www.sagknorren.se\/wp-content\/uploads\/2017\/10\/DSC_0533-e1506006622736.jpg\" width=\"199\" height=\"300\"><\/p>\n<p>&nbsp;<\/p>\n<p>&nbsp;<\/p>\n<p><img decoding=\"async\" class=\"alignright\" src=\"http:\/\/www.sagknorren.se\/wp-content\/uploads\/2017\/10\/DSC_0531.jpg\" width=\"300\"><\/p>\n<p>&nbsp;<\/p>\n<p>&nbsp;<\/p>\n<p>&nbsp;<\/p>\n<p>&nbsp;<\/p>\n<p>&nbsp;<\/p>\n<p><strong>Bl\u00e5 Gris<\/strong><img decoding=\"async\" class=\"alignright\" src=\"http:\/\/www.sagknorren.se\/wp-content\/uploads\/2017\/10\/DSC_0542.jpg\" width=\"300\"><\/p>\n<p>Rummets f\u00e4rgtema \u00e4r bl\u00e5tt. Rummet har tv\u00e5 enkels\u00e4ngar, byr\u00e5 och sitt m\u00f6bler. Stort ljust rum med utsikt \u00f6ver skog och mark. Rummet har egen dusch och toalett ute i korridoren.<\/p>\n<p><img loading=\"lazy\" decoding=\"async\" class=\"alignleft\" src=\"http:\/\/www.sagknorren.se\/wp-content\/uploads\/2017\/10\/Pensionats-bilder-027-e1506093437210.jpg\" width=\"225\" height=\"300\"><\/p>\n<p>&nbsp;<\/p>\n<p>&nbsp;<\/p>\n<p><img decoding=\"async\" class=\"alignright\" src=\"http:\/\/www.sagknorren.se\/wp-content\/uploads\/2017\/10\/DSC_0543.jpg\" width=\"300\"><\/p>\n<p>&nbsp;<\/p>\n<p>&nbsp;<\/p>\n<p>&nbsp;<\/p>\n<p>&nbsp;<\/p>\n<p>&nbsp;<\/p>\n<p><strong>Svart gris<\/strong><img decoding=\"async\" class=\"alignright\" src=\"http:\/\/www.sagknorren.se\/wp-content\/uploads\/2017\/10\/DSC_0541.jpg\" width=\"300\"><\/p>\n<p>Rummets f\u00e4rgtema \u00e4r svart. Rummet har tv\u00e5 enkels\u00e4ngar eller, som enkelrum, en s\u00e4ng och en soffa, byr\u00e5 och stol. F\u00f6nster med utsikt \u00f6ver \u00e5ker och \u00e4ng. Egen dusch och toalett p\u00e5 rummet.<\/p>\n<p><img decoding=\"async\" class=\"alignleft\" src=\"http:\/\/www.sagknorren.se\/wp-content\/uploads\/2017\/10\/DSC_0540-e1506006573378.jpg\" width=\"200\"><\/p>\n<p>&nbsp;<\/p>\n<p>&nbsp;<\/p>\n<p><img loading=\"lazy\" decoding=\"async\" class=\"alignright\" src=\"http:\/\/www.sagknorren.se\/wp-content\/uploads\/2017\/10\/DSC_0545.jpg\" width=\"300\" height=\"200\"><\/p>\n<p>&nbsp;<\/p>\n<p>&nbsp;<\/p>\n<p>&nbsp;<\/p>\n<p>&nbsp;<\/p>\n<p>&nbsp;<\/p>\n<p><strong>S\u00e4llskapsrum<\/strong><\/p>\n<p>P\u00e5 andra v\u00e5ningen finns ett stort gemensamt s\u00e4llskapsrum. H\u00e4r kan du sitta och koppla av i soffan eller i sk\u00f6na stolar, l\u00e4sa, titta p\u00e5 TV, spela s\u00e4llskapsspel eller kanske arbeta. Rummet \u00e4r \u00e4ven l\u00e4mpligt f\u00f6r m\u00f6ten, mindre kurser och konferenser.<\/p>\n<p><img decoding=\"async\" class=\"alignleft\" src=\"http:\/\/www.sagknorren.se\/wp-content\/uploads\/2017\/04\/TV_Rum_2.jpg\" width=\"300\"><img decoding=\"async\" class=\"alignright\" src=\"http:\/\/www.sagknorren.se\/wp-content\/uploads\/2017\/04\/TV_Rum_1.jpg\" width=\"300\"><\/p>\n<p>&nbsp;<\/p>\n<p>&nbsp;<\/p>\n<p>&nbsp;<\/p>\n<p>&nbsp;<\/p>\n<p>&nbsp;<\/p>\n<p><strong>Festsal<\/strong><\/p>\n<p>P\u00e5 bottenv\u00e5ningen har vi den stora festmatsalen med plats f\u00f6r ett 80-tal sittande g\u00e4ster. H\u00e4r kan du ha br\u00f6llopsfest, f\u00f6delsedagsfest, barndop, begravningsmiddag med mera, bara din fantasi s\u00e4tter gr\u00e4nsen. I Pensionatets k\u00f6k tillreder vi all maten, lagad fr\u00e5n grunden med naturliga och svenska r\u00e5varor. \u00c4gg och gr\u00f6nsaker kommer mestadels fr\u00e5n den egna g\u00e5rden.<\/p>\n<p><img loading=\"lazy\" decoding=\"async\" class=\"alignleft\" src=\"http:\/\/www.sagknorren.se\/wp-content\/uploads\/2017\/04\/Mat_5.jpg\" width=\"321\" height=\"200\"><img loading=\"lazy\" decoding=\"async\" class=\"alignright\" src=\"http:\/\/www.sagknorren.se\/wp-content\/uploads\/2017\/04\/\u00c4gg.jpg\" width=\"270\" height=\"200\"><\/p>\n","protected":false},"excerpt":{"rendered":"<p>F\u00f6r dig som vill ha full service har vi Pensionatet med 5 mysiga dubbelrum av hotellstandard, alla med egen dusch och toalett. <a class=\"more-link\" href=\"https:\/\/skavboke.hemsida.eu\/stallet\/?page_id=333&#038;lang=sv\">Forts\u00e4tt l\u00e4sa Pensionat<\/a><\/p>\n","protected":false},"author":2,"featured_media":563,"parent":0,"menu_order":0,"comment_status":"closed","ping_status":"closed","template":"","meta":{"footnotes":""},"class_list":["post-333","page","type-page","status-publish","has-post-thumbnail","hentry"],"yoast_head":"<!-- This site is optimized with the Yoast SEO plugin v27.2 - https:\/\/yoast.com\/product\/yoast-seo-wordpress\/ -->\n<title>Pensionat - Test S\u00e5gknorren<\/title>\n<meta name=\"robots\" content=\"noindex, follow, max-snippet:-1, max-image-preview:large, max-video-preview:-1\" \/>\n<meta property=\"og:locale\" content=\"sv_SE\" \/>\n<meta property=\"og:type\" content=\"article\" \/>\n<meta property=\"og:title\" content=\"Pensionat - Test S\u00e5gknorren\" \/>\n<meta property=\"og:description\" content=\"F\u00f6r dig som vill ha full service har vi Pensionatet med 5 mysiga dubbelrum av hotellstandard, alla med egen dusch och toalett. Forts\u00e4tt l\u00e4sa Pensionat\" \/>\n<meta property=\"og:url\" content=\"https:\/\/skavboke.hemsida.eu\/stallet\/?page_id=333&amp;lang=sv\" \/>\n<meta property=\"og:site_name\" content=\"Test S\u00e5gknorren\" \/>\n<meta property=\"og:image\" content=\"https:\/\/skavboke.hemsida.eu\/stallet\/wp-content\/uploads\/2017\/09\/DSC_0505-1024x678.jpg\" \/>\n\t<meta property=\"og:image:width\" content=\"1024\" \/>\n\t<meta property=\"og:image:height\" content=\"678\" \/>\n\t<meta property=\"og:image:type\" content=\"image\/jpeg\" \/>\n<meta name=\"twitter:card\" content=\"summary_large_image\" \/>\n<meta name=\"twitter:label1\" content=\"Ber\u00e4knad l\u00e4stid\" \/>\n\t<meta name=\"twitter:data1\" content=\"7 minuter\" \/>\n<script type=\"application\/ld+json\" class=\"yoast-schema-graph\">{\"@context\":\"https:\/\/schema.org\",\"@graph\":[{\"@type\":\"WebPage\",\"@id\":\"https:\/\/skavboke.hemsida.eu\/stallet\/?page_id=333&lang=sv\",\"url\":\"https:\/\/skavboke.hemsida.eu\/stallet\/?page_id=333&lang=sv\",\"name\":\"Pensionat - Test S\u00e5gknorren\",\"isPartOf\":{\"@id\":\"https:\/\/skavboke.hemsida.eu\/stallet\/#website\"},\"primaryImageOfPage\":{\"@id\":\"https:\/\/skavboke.hemsida.eu\/stallet\/?page_id=333&lang=sv#primaryimage\"},\"image\":{\"@id\":\"https:\/\/skavboke.hemsida.eu\/stallet\/?page_id=333&lang=sv#primaryimage\"},\"thumbnailUrl\":\"https:\/\/skavboke.hemsida.eu\/stallet\/wp-content\/uploads\/2017\/09\/DSC_0505.jpg\",\"datePublished\":\"2017-04-10T10:47:32+00:00\",\"breadcrumb\":{\"@id\":\"https:\/\/skavboke.hemsida.eu\/stallet\/?page_id=333&lang=sv#breadcrumb\"},\"inLanguage\":\"sv-SE\",\"potentialAction\":[{\"@type\":\"ReadAction\",\"target\":[\"https:\/\/skavboke.hemsida.eu\/stallet\/?page_id=333&lang=sv\"]}]},{\"@type\":\"ImageObject\",\"inLanguage\":\"sv-SE\",\"@id\":\"https:\/\/skavboke.hemsida.eu\/stallet\/?page_id=333&lang=sv#primaryimage\",\"url\":\"https:\/\/skavboke.hemsida.eu\/stallet\/wp-content\/uploads\/2017\/09\/DSC_0505.jpg\",\"contentUrl\":\"https:\/\/skavboke.hemsida.eu\/stallet\/wp-content\/uploads\/2017\/09\/DSC_0505.jpg\",\"width\":4928,\"height\":3264},{\"@type\":\"BreadcrumbList\",\"@id\":\"https:\/\/skavboke.hemsida.eu\/stallet\/?page_id=333&lang=sv#breadcrumb\",\"itemListElement\":[{\"@type\":\"ListItem\",\"position\":1,\"name\":\"Hem\",\"item\":\"https:\/\/skavboke.hemsida.eu\/stallet\/?page_id=41&lang=sv\"},{\"@type\":\"ListItem\",\"position\":2,\"name\":\"Pensionat\"}]},{\"@type\":\"WebSite\",\"@id\":\"https:\/\/skavboke.hemsida.eu\/stallet\/#website\",\"url\":\"https:\/\/skavboke.hemsida.eu\/stallet\/\",\"name\":\"Test S\u00e5gknorren\",\"description\":\"Med Sj\u00f6n runt knuten och skogen som granne\",\"potentialAction\":[{\"@type\":\"SearchAction\",\"target\":{\"@type\":\"EntryPoint\",\"urlTemplate\":\"https:\/\/skavboke.hemsida.eu\/stallet\/?s={search_term_string}\"},\"query-input\":{\"@type\":\"PropertyValueSpecification\",\"valueRequired\":true,\"valueName\":\"search_term_string\"}}],\"inLanguage\":\"sv-SE\"}]}<\/script>\n<!-- \/ Yoast SEO plugin. -->","yoast_head_json":{"title":"Pensionat - Test S\u00e5gknorren","robots":{"index":"noindex","follow":"follow","max-snippet":"max-snippet:-1","max-image-preview":"max-image-preview:large","max-video-preview":"max-video-preview:-1"},"og_locale":"sv_SE","og_type":"article","og_title":"Pensionat - Test S\u00e5gknorren","og_description":"F\u00f6r dig som vill ha full service har vi Pensionatet med 5 mysiga dubbelrum av hotellstandard, alla med egen dusch och toalett. Forts\u00e4tt l\u00e4sa Pensionat","og_url":"https:\/\/skavboke.hemsida.eu\/stallet\/?page_id=333&lang=sv","og_site_name":"Test S\u00e5gknorren","og_image":[{"width":1024,"height":678,"url":"https:\/\/skavboke.hemsida.eu\/stallet\/wp-content\/uploads\/2017\/09\/DSC_0505-1024x678.jpg","type":"image\/jpeg"}],"twitter_card":"summary_large_image","twitter_misc":{"Ber\u00e4knad l\u00e4stid":"7 minuter"},"schema":{"@context":"https:\/\/schema.org","@graph":[{"@type":"WebPage","@id":"https:\/\/skavboke.hemsida.eu\/stallet\/?page_id=333&lang=sv","url":"https:\/\/skavboke.hemsida.eu\/stallet\/?page_id=333&lang=sv","name":"Pensionat - Test S\u00e5gknorren","isPartOf":{"@id":"https:\/\/skavboke.hemsida.eu\/stallet\/#website"},"primaryImageOfPage":{"@id":"https:\/\/skavboke.hemsida.eu\/stallet\/?page_id=333&lang=sv#primaryimage"},"image":{"@id":"https:\/\/skavboke.hemsida.eu\/stallet\/?page_id=333&lang=sv#primaryimage"},"thumbnailUrl":"https:\/\/skavboke.hemsida.eu\/stallet\/wp-content\/uploads\/2017\/09\/DSC_0505.jpg","datePublished":"2017-04-10T10:47:32+00:00","breadcrumb":{"@id":"https:\/\/skavboke.hemsida.eu\/stallet\/?page_id=333&lang=sv#breadcrumb"},"inLanguage":"sv-SE","potentialAction":[{"@type":"ReadAction","target":["https:\/\/skavboke.hemsida.eu\/stallet\/?page_id=333&lang=sv"]}]},{"@type":"ImageObject","inLanguage":"sv-SE","@id":"https:\/\/skavboke.hemsida.eu\/stallet\/?page_id=333&lang=sv#primaryimage","url":"https:\/\/skavboke.hemsida.eu\/stallet\/wp-content\/uploads\/2017\/09\/DSC_0505.jpg","contentUrl":"https:\/\/skavboke.hemsida.eu\/stallet\/wp-content\/uploads\/2017\/09\/DSC_0505.jpg","width":4928,"height":3264},{"@type":"BreadcrumbList","@id":"https:\/\/skavboke.hemsida.eu\/stallet\/?page_id=333&lang=sv#breadcrumb","itemListElement":[{"@type":"ListItem","position":1,"name":"Hem","item":"https:\/\/skavboke.hemsida.eu\/stallet\/?page_id=41&lang=sv"},{"@type":"ListItem","position":2,"name":"Pensionat"}]},{"@type":"WebSite","@id":"https:\/\/skavboke.hemsida.eu\/stallet\/#website","url":"https:\/\/skavboke.hemsida.eu\/stallet\/","name":"Test S\u00e5gknorren","description":"Med Sj\u00f6n runt knuten och skogen som granne","potentialAction":[{"@type":"SearchAction","target":{"@type":"EntryPoint","urlTemplate":"https:\/\/skavboke.hemsida.eu\/stallet\/?s={search_term_string}"},"query-input":{"@type":"PropertyValueSpecification","valueRequired":true,"valueName":"search_term_string"}}],"inLanguage":"sv-SE"}]}},"_links":{"self":[{"href":"https:\/\/skavboke.hemsida.eu\/stallet\/index.php?rest_route=\/wp\/v2\/pages\/333","targetHints":{"allow":["GET"]}}],"collection":[{"href":"https:\/\/skavboke.hemsida.eu\/stallet\/index.php?rest_route=\/wp\/v2\/pages"}],"about":[{"href":"https:\/\/skavboke.hemsida.eu\/stallet\/index.php?rest_route=\/wp\/v2\/types\/page"}],"author":[{"embeddable":true,"href":"https:\/\/skavboke.hemsida.eu\/stallet\/index.php?rest_route=\/wp\/v2\/users\/2"}],"replies":[{"embeddable":true,"href":"https:\/\/skavboke.hemsida.eu\/stallet\/index.php?rest_route=%2Fwp%2Fv2%2Fcomments&post=333"}],"version-history":[{"count":0,"href":"https:\/\/skavboke.hemsida.eu\/stallet\/index.php?rest_route=\/wp\/v2\/pages\/333\/revisions"}],"wp:featuredmedia":[{"embeddable":true,"href":"https:\/\/skavboke.hemsida.eu\/stallet\/index.php?rest_route=\/wp\/v2\/media\/563"}],"wp:attachment":[{"href":"https:\/\/skavboke.hemsida.eu\/stallet\/index.php?rest_route=%2Fwp%2Fv2%2Fmedia&parent=333"}],"curies":[{"name":"wp","href":"https:\/\/api.w.org\/{rel}","templated":true}]}}