{"id":942,"date":"2017-11-19T17:24:52","date_gmt":"2017-11-19T17:24:52","guid":{"rendered":"http:\/\/skavboke.hemsida.eu\/stallet\/?page_id=942"},"modified":"2025-02-12T17:27:50","modified_gmt":"2025-02-12T17:27:50","slug":"find-us","status":"publish","type":"page","link":"http:\/\/skavboke.hemsida.eu\/stallet\/?page_id=942&lang=en","title":{"rendered":"Find Us"},"content":{"rendered":"<div class=\"wp-block-image\">\n<figure class=\"alignleft is-resized\"><img loading=\"lazy\" decoding=\"async\" width=\"300\" height=\"169\" src=\"http:\/\/www.sagknorren.se\/wp-content\/uploads\/2017\/10\/WP_20170817_16_27_49_Pro-300x169.jpg\" alt=\"\" class=\"wp-image-638\" style=\"width:394px;height:auto\"\/><\/figure>\n<\/div>\n\n\n<p><br><br><\/p>\n\n\n\n<p><b><u>GPS Coordinates:<\/u><\/b><br>Lat: N56<sup>o<\/sup>51\u201923\u201d Long: E13<sup>o<\/sup>17\u20198\u201d (WGS84)<br>X: 6306142&nbsp;Y: 1346316 (RT90)<\/p>\n\n\n\n<p><br><br><\/p>\n\n\n\n<p><b>From Halmstad:<\/b> Drive road 25 towards Siml\u00e5ngsdalen, in Siml\u00e5ngsdalen turn left and follow signs for Femsj\u00f6, just after passing Kullhult turn left at the sign &#8221;Pensionat&#8221; and you are there.<\/p>\n\n\n\n<p><b>From Hyltebruk:<\/b> Follow signs to Femsj\u00f6, drive past Femsj\u00f6, turn right and follow sign towards Bygget, turn right at the sign &#8221;Pensionat&#8221; and you are there.<\/p>\n\n\n\n<p><b>From V\u00e4xj\u00f6 road 25 via Lidhult<\/b><strong>:&nbsp;<\/strong> At rest stop Boasj\u00f6n turn right towards Lidhult. Drive about 10 km. In Lidhult turn left onto Singeshultsv\u00e4gen towards Halmstad and drive about 1 km. Then turn right towards Mahult and drive about 3.3 km. At B\u00f6k\u00f6 turn right towards H\u00e5knab\u00f6ke and follow the road for approximately 7 km. Then in H\u00e5knab\u00f6ke turn left and drive about 1.6 km, then turn right at the sign Pensionat and you are there.<\/p>\n\n\n<div class=\"wp-block-image\">\n<figure class=\"alignleft\"><img decoding=\"async\" src=\"http:\/\/www.sagknorren.se\/wp-content\/uploads\/2017\/04\/Karta_zoom1.jpg\" alt=\"\" class=\"wp-image-204\"\/><\/figure>\n<\/div>\n\n<div class=\"wp-block-image\">\n<figure class=\"alignleft\"><img decoding=\"async\" src=\"http:\/\/www.sagknorren.se\/wp-content\/uploads\/2017\/04\/a_karta_sv.gif\" alt=\"\" class=\"wp-image-203\"\/><\/figure>\n<\/div>\n\n<div class=\"wp-block-image\">\n<figure class=\"alignleft\"><img decoding=\"async\" src=\"http:\/\/www.sagknorren.se\/wp-content\/uploads\/2017\/04\/Karta_zoom4.jpg\" alt=\"\" class=\"wp-image-205\"\/><\/figure>\n<\/div>","protected":false},"excerpt":{"rendered":"<p>GPS Coordinates:Lat: N56o51\u201923\u201d Long: E13o17\u20198\u201d (WGS84)X: 6306142&nbsp;Y: 1346316 (RT90) From Halmstad: Drive road 25 towards Siml\u00e5ngsdalen, in Siml\u00e5ngsdalen turn left and follow signs for Femsj\u00f6, just after passing Kullhult turn left at the sign &#8221;Pensionat&#8221; and you are there. From Hyltebruk: Follow signs to Femsj\u00f6, drive past Femsj\u00f6, turn right and follow sign towards Bygget,&hellip; <a class=\"more-link\" href=\"http:\/\/skavboke.hemsida.eu\/stallet\/?page_id=942&#038;lang=en\">Forts\u00e4tt l\u00e4sa Find Us<\/a><\/p>\n","protected":false},"author":2,"featured_media":0,"parent":0,"menu_order":0,"comment_status":"closed","ping_status":"closed","template":"","meta":{"footnotes":""},"class_list":["post-942","page","type-page","status-publish","hentry"],"yoast_head":"<!-- This site is optimized with the Yoast SEO plugin v27.2 - https:\/\/yoast.com\/product\/yoast-seo-wordpress\/ -->\n<title>Find Us - Test S\u00e5gknorren<\/title>\n<meta name=\"robots\" content=\"noindex, follow, max-snippet:-1, max-image-preview:large, max-video-preview:-1\" \/>\n<meta property=\"og:locale\" content=\"sv_SE\" \/>\n<meta property=\"og:type\" content=\"article\" \/>\n<meta property=\"og:title\" content=\"Find Us - Test S\u00e5gknorren\" \/>\n<meta property=\"og:description\" content=\"GPS Coordinates:Lat: N56o51\u201923\u201d Long: E13o17\u20198\u201d (WGS84)X: 6306142&nbsp;Y: 1346316 (RT90) From Halmstad: Drive road 25 towards Siml\u00e5ngsdalen, in Siml\u00e5ngsdalen turn left and follow signs for Femsj\u00f6, just after passing Kullhult turn left at the sign &#8221;Pensionat&#8221; and you are there. From Hyltebruk: Follow signs to Femsj\u00f6, drive past Femsj\u00f6, turn right and follow sign towards Bygget,&hellip; Forts\u00e4tt l\u00e4sa Find Us\" \/>\n<meta property=\"og:url\" content=\"http:\/\/skavboke.hemsida.eu\/stallet\/?page_id=942&amp;lang=en\" \/>\n<meta property=\"og:site_name\" content=\"Test S\u00e5gknorren\" \/>\n<meta property=\"article:modified_time\" content=\"2025-02-12T17:27:50+00:00\" \/>\n<meta property=\"og:image\" content=\"http:\/\/www.sagknorren.se\/wp-content\/uploads\/2017\/10\/WP_20170817_16_27_49_Pro-300x169.jpg\" \/>\n<meta name=\"twitter:card\" content=\"summary_large_image\" \/>\n<meta name=\"twitter:label1\" content=\"Ber\u00e4knad l\u00e4stid\" \/>\n\t<meta name=\"twitter:data1\" content=\"2 minuter\" \/>\n<script type=\"application\/ld+json\" class=\"yoast-schema-graph\">{\"@context\":\"https:\/\/schema.org\",\"@graph\":[{\"@type\":\"WebPage\",\"@id\":\"http:\/\/skavboke.hemsida.eu\/stallet\/?page_id=942&lang=en\",\"url\":\"http:\/\/skavboke.hemsida.eu\/stallet\/?page_id=942&lang=en\",\"name\":\"Find Us - Test S\u00e5gknorren\",\"isPartOf\":{\"@id\":\"http:\/\/skavboke.hemsida.eu\/stallet\/#website\"},\"primaryImageOfPage\":{\"@id\":\"http:\/\/skavboke.hemsida.eu\/stallet\/?page_id=942&lang=en#primaryimage\"},\"image\":{\"@id\":\"http:\/\/skavboke.hemsida.eu\/stallet\/?page_id=942&lang=en#primaryimage\"},\"thumbnailUrl\":\"http:\/\/www.sagknorren.se\/wp-content\/uploads\/2017\/10\/WP_20170817_16_27_49_Pro-300x169.jpg\",\"datePublished\":\"2017-11-19T17:24:52+00:00\",\"dateModified\":\"2025-02-12T17:27:50+00:00\",\"breadcrumb\":{\"@id\":\"http:\/\/skavboke.hemsida.eu\/stallet\/?page_id=942&lang=en#breadcrumb\"},\"inLanguage\":\"sv-SE\",\"potentialAction\":[{\"@type\":\"ReadAction\",\"target\":[\"http:\/\/skavboke.hemsida.eu\/stallet\/?page_id=942&lang=en\"]}]},{\"@type\":\"ImageObject\",\"inLanguage\":\"sv-SE\",\"@id\":\"http:\/\/skavboke.hemsida.eu\/stallet\/?page_id=942&lang=en#primaryimage\",\"url\":\"http:\/\/www.sagknorren.se\/wp-content\/uploads\/2017\/10\/WP_20170817_16_27_49_Pro-300x169.jpg\",\"contentUrl\":\"http:\/\/www.sagknorren.se\/wp-content\/uploads\/2017\/10\/WP_20170817_16_27_49_Pro-300x169.jpg\"},{\"@type\":\"BreadcrumbList\",\"@id\":\"http:\/\/skavboke.hemsida.eu\/stallet\/?page_id=942&lang=en#breadcrumb\",\"itemListElement\":[{\"@type\":\"ListItem\",\"position\":1,\"name\":\"Hem\",\"item\":\"https:\/\/skavboke.hemsida.eu\/stallet\/?page_id=41&lang=sv\"},{\"@type\":\"ListItem\",\"position\":2,\"name\":\"Find Us\"}]},{\"@type\":\"WebSite\",\"@id\":\"http:\/\/skavboke.hemsida.eu\/stallet\/#website\",\"url\":\"http:\/\/skavboke.hemsida.eu\/stallet\/\",\"name\":\"Test S\u00e5gknorren\",\"description\":\"Med Sj\u00f6n runt knuten och skogen som granne\",\"potentialAction\":[{\"@type\":\"SearchAction\",\"target\":{\"@type\":\"EntryPoint\",\"urlTemplate\":\"http:\/\/skavboke.hemsida.eu\/stallet\/?s={search_term_string}\"},\"query-input\":{\"@type\":\"PropertyValueSpecification\",\"valueRequired\":true,\"valueName\":\"search_term_string\"}}],\"inLanguage\":\"sv-SE\"}]}<\/script>\n<!-- \/ Yoast SEO plugin. -->","yoast_head_json":{"title":"Find Us - Test S\u00e5gknorren","robots":{"index":"noindex","follow":"follow","max-snippet":"max-snippet:-1","max-image-preview":"max-image-preview:large","max-video-preview":"max-video-preview:-1"},"og_locale":"sv_SE","og_type":"article","og_title":"Find Us - Test S\u00e5gknorren","og_description":"GPS Coordinates:Lat: N56o51\u201923\u201d Long: E13o17\u20198\u201d (WGS84)X: 6306142&nbsp;Y: 1346316 (RT90) From Halmstad: Drive road 25 towards Siml\u00e5ngsdalen, in Siml\u00e5ngsdalen turn left and follow signs for Femsj\u00f6, just after passing Kullhult turn left at the sign &#8221;Pensionat&#8221; and you are there. From Hyltebruk: Follow signs to Femsj\u00f6, drive past Femsj\u00f6, turn right and follow sign towards Bygget,&hellip; Forts\u00e4tt l\u00e4sa Find Us","og_url":"http:\/\/skavboke.hemsida.eu\/stallet\/?page_id=942&lang=en","og_site_name":"Test S\u00e5gknorren","article_modified_time":"2025-02-12T17:27:50+00:00","og_image":[{"url":"http:\/\/www.sagknorren.se\/wp-content\/uploads\/2017\/10\/WP_20170817_16_27_49_Pro-300x169.jpg","type":"","width":"","height":""}],"twitter_card":"summary_large_image","twitter_misc":{"Ber\u00e4knad l\u00e4stid":"2 minuter"},"schema":{"@context":"https:\/\/schema.org","@graph":[{"@type":"WebPage","@id":"http:\/\/skavboke.hemsida.eu\/stallet\/?page_id=942&lang=en","url":"http:\/\/skavboke.hemsida.eu\/stallet\/?page_id=942&lang=en","name":"Find Us - Test S\u00e5gknorren","isPartOf":{"@id":"http:\/\/skavboke.hemsida.eu\/stallet\/#website"},"primaryImageOfPage":{"@id":"http:\/\/skavboke.hemsida.eu\/stallet\/?page_id=942&lang=en#primaryimage"},"image":{"@id":"http:\/\/skavboke.hemsida.eu\/stallet\/?page_id=942&lang=en#primaryimage"},"thumbnailUrl":"http:\/\/www.sagknorren.se\/wp-content\/uploads\/2017\/10\/WP_20170817_16_27_49_Pro-300x169.jpg","datePublished":"2017-11-19T17:24:52+00:00","dateModified":"2025-02-12T17:27:50+00:00","breadcrumb":{"@id":"http:\/\/skavboke.hemsida.eu\/stallet\/?page_id=942&lang=en#breadcrumb"},"inLanguage":"sv-SE","potentialAction":[{"@type":"ReadAction","target":["http:\/\/skavboke.hemsida.eu\/stallet\/?page_id=942&lang=en"]}]},{"@type":"ImageObject","inLanguage":"sv-SE","@id":"http:\/\/skavboke.hemsida.eu\/stallet\/?page_id=942&lang=en#primaryimage","url":"http:\/\/www.sagknorren.se\/wp-content\/uploads\/2017\/10\/WP_20170817_16_27_49_Pro-300x169.jpg","contentUrl":"http:\/\/www.sagknorren.se\/wp-content\/uploads\/2017\/10\/WP_20170817_16_27_49_Pro-300x169.jpg"},{"@type":"BreadcrumbList","@id":"http:\/\/skavboke.hemsida.eu\/stallet\/?page_id=942&lang=en#breadcrumb","itemListElement":[{"@type":"ListItem","position":1,"name":"Hem","item":"https:\/\/skavboke.hemsida.eu\/stallet\/?page_id=41&lang=sv"},{"@type":"ListItem","position":2,"name":"Find Us"}]},{"@type":"WebSite","@id":"http:\/\/skavboke.hemsida.eu\/stallet\/#website","url":"http:\/\/skavboke.hemsida.eu\/stallet\/","name":"Test S\u00e5gknorren","description":"Med Sj\u00f6n runt knuten och skogen som granne","potentialAction":[{"@type":"SearchAction","target":{"@type":"EntryPoint","urlTemplate":"http:\/\/skavboke.hemsida.eu\/stallet\/?s={search_term_string}"},"query-input":{"@type":"PropertyValueSpecification","valueRequired":true,"valueName":"search_term_string"}}],"inLanguage":"sv-SE"}]}},"_links":{"self":[{"href":"http:\/\/skavboke.hemsida.eu\/stallet\/index.php?rest_route=\/wp\/v2\/pages\/942","targetHints":{"allow":["GET"]}}],"collection":[{"href":"http:\/\/skavboke.hemsida.eu\/stallet\/index.php?rest_route=\/wp\/v2\/pages"}],"about":[{"href":"http:\/\/skavboke.hemsida.eu\/stallet\/index.php?rest_route=\/wp\/v2\/types\/page"}],"author":[{"embeddable":true,"href":"http:\/\/skavboke.hemsida.eu\/stallet\/index.php?rest_route=\/wp\/v2\/users\/2"}],"replies":[{"embeddable":true,"href":"http:\/\/skavboke.hemsida.eu\/stallet\/index.php?rest_route=%2Fwp%2Fv2%2Fcomments&post=942"}],"version-history":[{"count":1,"href":"http:\/\/skavboke.hemsida.eu\/stallet\/index.php?rest_route=\/wp\/v2\/pages\/942\/revisions"}],"predecessor-version":[{"id":2356,"href":"http:\/\/skavboke.hemsida.eu\/stallet\/index.php?rest_route=\/wp\/v2\/pages\/942\/revisions\/2356"}],"wp:attachment":[{"href":"http:\/\/skavboke.hemsida.eu\/stallet\/index.php?rest_route=%2Fwp%2Fv2%2Fmedia&parent=942"}],"curies":[{"name":"wp","href":"https:\/\/api.w.org\/{rel}","templated":true}]}}